r when 8/6*138/n is divided by 16.
14
Let u(j) = -2*j**2 + 16*j - 14. What is the remainder when 78 is divided by u(6)?
8
Let v(m) = 18 - m + 1 - 9. Let j be v(0). Suppose 4*y - 5*b = 133 - j, y - 18 = -3*b. What is the remainder when y is divided by 7?
6
Suppose -4*q = -3*u + 4 + 14, -u = 2. Let x = -8 - -31. What is the remainder when x is divided by 45/(-10)*16/q?
11
Suppose -4*q = -5*q - 20. Let s = q + 29. Calculate the remainder when 24 is divided by s.
6
Let s(h) = -6*h**2 + 3*h - 3. Let d be s(2). Let j be d*((-30)/(-9))/5. Let p = j + 35. Calculate the remainder when 61 is divided by p.
19
Let z(h) = 32*h**2 + 2*h - 2. Calculate the remainder when z(1) is divided by 11.
10
Let y be -2 - (-4*1 + 0). Let r(w) = -w - 5*w**y - w**3 - 1 - 2*w - w. What is the remainder when r(-5) is divided by 10?
9
Suppose -x + 2 = -0*x + 3*r, 48 = 4*x + 2*r. What is the remainder when 26 is divided by x?
12
Suppose -2*i = -x + 24, 3*x + 5*i - 44 = 4*i. What is the remainder when 63 is divided by x?
15
Suppose 1 = 4*j - 3. Calculate the remainder when (-1 + -97)*j/(-2) is divided by 13.
10
Let o = 7 + -7. Let u = o - -7. Calculate the remainder when 18 is divided by u.
4
Suppose 6*m - 5 = m. Suppose -2 = -h + m. Calculate the remainder when (2 - h)/(2/(-64)) is divided by 17.
15
Suppose -4*p - 5*t + 241 = 0, -4*p = 2*t - 342 + 104. Suppose -4*c + 6*n - n = -58, 0 = 5*c + 3*n - 54. What is the remainder when p is divided by c?
11
Suppose 4*h + 47 = 4*v - 41, 3*h + 15 = 0. What is the remainder when v is divided by 6?
5
Let a = -6 + 6. What is the remainder when 93 is divided by 1*(a + -2 + 26)?
21
Suppose -4*q + 10 = o - 5*q, o + 3*q - 14 = 0. Suppose -55 = -3*t - 5*g, -2*t + 3*g = 2*t - 83. Calculate the remainder when t is divided by o.
9
Let b(h) = h**2 + 7. Calculate the remainder when 13 is divided by b(0).
6
Let f(b) = b - 5. Let c be (-40)/15*(-1 + -2). What is the remainder when 9 is divided by f(c)?
0
Let a(t) = -11*t + 9. What is the remainder when a(-4) is divided by 11?
9
Let i = -18 - -52. Let k(q) = -2*q + 2. Let h be 3/(-9) - 23/3. What is the remainder when i is divided by k(h)?
16
Let h be (18/(-3))/((-3)/(-2)). Let o = h + 40. Suppose 2*d - o = -2*d. What is the remainder when 26 is divided by d?
8
Let h(s) = -s + 1. Let z(k) = 9*k - 6. Let r(f) = 4*h(f) + z(f). Let u(a) = 3*a - 2. Let i be u(3). Calculate the remainder when r(i) is divided by 12.
9
Let n(b) = -5*b - 9. What is the remainder when 81 is divided by n(-6)?
18
Suppose -q + 7 = 3*i, -2*q - 20 = -4*i + 6. Suppose o - 3*v = -10, -o = i*o - 5*v. Let m(g) = 4*g - 7. What is the remainder when m(o) is divided by 7?
6
Suppose -47 = -3*t + 2*t. Suppose 5*y - 56 = -f, 2*y - f = 15 + 13. What is the remainder when t is divided by y?
11
Suppose 3*u = u + 12. Let y be u/2 + (2 - 2). Suppose y*b = b + 38. Calculate the remainder when b is divided by 7.
5
Let y be (-1)/2*0/3. Suppose -b + 4*t - 15 = y, 2*b = -0*t - 3*t + 25. What is the remainder when 19 is divided by b?
4
Suppose 2*w - 2*y + 16 = 0, 0 = 3*w + y - 6 + 26. Let x be (w/(-7))/(2/44). Let o = x + -13. What is the remainder when 25 is divided by o?
7
Let g(k) = -2*k**3 - k**2 + 2*k - 1. Suppose -3*i + 35 = -46. What is the remainder when i is divided by g(-2)?
6
Let h(q) = 3*q - 3. Let m be (-21)/(-9) - 6/(-9). Calculate the remainder when 11 is divided by h(m).
5
Suppose 3*s = w - 34, 4*w = -0*w + 3*s + 127. Calculate the remainder when 149 is divided by w.
25
Suppose 1 = 4*x - 3. Let v(j) = 3*j - 14. Let r be v(6). Suppose 0 = c + y + r, 0*y = -4*c + 5*y + 29. What is the remainder when c is divided by x?
0
Suppose -19 + 4 = -5*y. Let x be (-1)/y + (-132)/(-18). Suppose 2*r = 7 + x. Calculate the remainder when r is divided by 5.
2
Suppose -57*i = -58*i + 10. Calculate the remainder when 12 is divided by i.
2
Let j be 30/(-4)*52/(-6). Suppose -5*s + j = -4*s. What is the remainder when s is divided by 22?
21
Let d(q) = 2*q**2 + 8*q + 1. Let w(r) = 1. Let j(y) = d(y) - 6*w(y). Calculate the remainder when 35 is divided by j(-6).
16
Suppose 0 = -i - 0*i. What is the remainder when 6 is divided by (-4)/5*(i + -5)?
2
Let g = -6 - -3. Let u be -7 - (-3 - (-2)/1). Let d = g - u. What is the remainder when 4 is divided by d?
1
Suppose d - 3*d = 0. Suppose y - 2 = -d*y. Suppose y*k + 3*p - 6*p = 10, 19 = k + 2*p. What is the remainder when 31 is divided by k?
9
Suppose 9 = 4*u - 107. What is the remainder when u is divided by (-13)/(-1) - (-1 + -1)?
14
Suppose 2*l - 22 = 2*a, 3*l + a = -0*l + 29. Suppose -3*p + 16 = -2. Calculate the remainder when l is divided by 26/p - (-4)/(-12).
2
Suppose 11 = -2*t + 2*n + 129, 2*t - 138 = -2*n. Calculate the remainder when t is divided by 18.
10
Let j = -4 - -6. Suppose j*p - 3*p = -7. Suppose -p - 15 = -a. Calculate the remainder when a is divided by 6.
4
Let z(c) = 26*c - 1. Let m be z(1). Let x = m - 13. Suppose 0 = 2*q + q - 102. What is the remainder when q is divided by x?
10
Let d(y) = 28*y + 2. Let m be d(2). Suppose -4*u + m = -2*k, 4*u = -3*k + 15 + 18. Suppose 4*r + u - 48 = 0. What is the remainder when 26 is divided by r?
8
Suppose 40 = 3*b + b. Let r(h) = 3*h - 7. What is the remainder when r(b) is divided by 6?
5
Suppose -5*x = 2*w - 4*x + 7, 0 = -4*x + 20. Let u(c) = c**2 + 6*c + 4. What is the remainder when 10 is divided by u(w)?
2
Suppose -6*m = -0*m - 516. What is the remainder when m is divided by 22?
20
Suppose 2*l + 12 - 56 = 0. Calculate the remainder when 42 is divided by l.
20
Let x(u) = u**3 - u**2 + 1. Let z be x(-2). Let b = -9 - -24. Let o = z + b. Calculate the remainder when o is divided by 3.
1
Suppose -4*t + 4 = 0, 0*v - 57 = -2*v + t. Suppose 0*o + 24 = 3*o. Calculate the remainder when v is divided by o.
5
Suppose -2*p - p + 393 = -4*k, 0 = 5*k. What is the remainder when p is divided by 7?
5
Let d(w) = -2*w - 1. Let v = 5 + -7. Let s be d(v). Suppose s*a - 30 = -0*a. What is the remainder when 29 is divided by a?
9
Let z(l) = -l**2 + 5*l - 4. Let j be z(3). Let r = 4 - j. Suppose -h - 3*n + 3 + r = 0, -3*n + 33 = 3*h. Calculate the remainder when h is divided by 5.
4
Calculate the remainder when -3*(92/(-12) - -3) is divided by 2.
0
Let a(j) be the first derivative of j**5/120 + j**4/6 - j**3/3 - 2. Let m(c) be the third derivative of a(c). What is the remainder when 24 is divided by m(9)?
11
Let s = 4 - 7. Let j = 28 + s. What is the remainder when 74 is divided by j?
24
Let l(h) be the third derivative of -1/6*h**3 + 5/24*h**4 + 0*h - h**2 + 0. What is the remainder when 26 is divided by l(3)?
12
Suppose 3*z - 27 = -3*i, z = -3*i - 4*z + 37. Calculate the remainder when (i + (-5)/2)*40 is divided by 21.
18
Suppose -6 = i + 4*f, 0*f - 4*f + 8 = 0. Let h = 29 + i. Let t = h - 0. Calculate the remainder when 28 is divided by t.
13
Let r(d) = 12*d**2 - 4*d + 10. Let s be r(-9). Calculate the remainder when 4/14 + s/14 is divided by 19.
16
Suppose 2*n - 66 = 4*o, 4*n + 4*o + o - 132 = 0. What is the remainder when n is divided by 17?
16
Suppose 0 = -2*p + 54 + 18. What is the remainder when 179 is divided by p?
35
Let u(q) = q**3 + 6*q**2 - 6*q - 7. Let p be u(-6). Let i = p - 12. Calculate the remainder when 31 is divided by i.
14
What is the remainder when 60 is divided by (-1)/(-2) - (-246)/12?
18
Let n(l) = -l**3 - 5*l**2 + 4*l + 9. Suppose -2*g - 16 = 2*g - 2*p, 4*g - 5*p + 4 = 0. What is the remainder when 83 is divided by n(g)?
20
Suppose 168 = -3*y + 1992. What is the remainder when 28 is divided by y/60 + (-2)/15?
8
Calculate the remainder when -8 + 151 + 0 + 1 is divided by 29.
28
Suppose -3*s = -4*s + 19. Calculate the remainder when s is divided by (-3)/2*100/(-15).
9
Let h(t) = -3*t**2 - 8*t + 8. Let n(m) = 10*m**2 + 24*m - 23. Let k(d) = 7*h(d) + 2*n(d). Calculate the remainder when 66 is divided by k(-7).
15
Let v = -65 - -108. Let m = 32 + -17. Calculate the remainder when v is divided by m.
13
Let q(l) = 20*l**2 - l + 1. Calculate the remainder when q(-2) is divided by 22.
17
Let q(z) = -3*z + 3 - z**2 + 0*z + 7*z. What is the remainder when q(4) is divided by 2?
1
Suppose -s - 2*n + 0*n - 2 = 0, 3*s = -5*n - 5. Suppose 3*r - 21 - 9 = s. What is the remainder when 38 is divided by r?
8
Let d = -4 + 8. Calculate the remainder when d is divid